{"version":"1.0","provider_name":"Psykoterapia-lehti","provider_url":"https:\/\/www.psykoterapia-lehti.fi\/verkkolehti","title":"Kirjoittajat - Psykoterapia-lehti","type":"rich","width":600,"height":338,"html":"<blockquote class=\"wp-embedded-content\" data-secret=\"al7bSK504g\"><a href=\"https:\/\/www.psykoterapia-lehti.fi\/verkkolehti\/tilaajat\/psykoterapia-32018\/kirjoittajat\/\">Kirjoittajat<\/a><\/blockquote><iframe sandbox=\"allow-scripts\" security=\"restricted\" src=\"https:\/\/www.psykoterapia-lehti.fi\/verkkolehti\/tilaajat\/psykoterapia-32018\/kirjoittajat\/embed\/#?secret=al7bSK504g\" width=\"600\" height=\"338\" title=\"&#8221;Kirjoittajat&#8221; &#8212; Psykoterapia-lehti\" data-secret=\"al7bSK504g\" frameborder=\"0\" marginwidth=\"0\" marginheight=\"0\" scrolling=\"no\" class=\"wp-embedded-content\"><\/iframe><script>\n\/*! This file is auto-generated *\/\n!function(d,l){\"use strict\";l.querySelector&&d.addEventListener&&\"undefined\"!=typeof URL&&(d.wp=d.wp||{},d.wp.receiveEmbedMessage||(d.wp.receiveEmbedMessage=function(e){var t=e.data;if((t||t.secret||t.message||t.value)&&!\/[^a-zA-Z0-9]\/.test(t.secret)){for(var s,r,n,a=l.querySelectorAll('iframe[data-secret=\"'+t.secret+'\"]'),o=l.querySelectorAll('blockquote[data-secret=\"'+t.secret+'\"]'),c=new RegExp(\"^https?:$\",\"i\"),i=0;i<o.length;i++)o[i].style.display=\"none\";for(i=0;i<a.length;i++)s=a[i],e.source===s.contentWindow&&(s.removeAttribute(\"style\"),\"height\"===t.message?(1e3<(r=parseInt(t.value,10))?r=1e3:~~r<200&&(r=200),s.height=r):\"link\"===t.message&&(r=new URL(s.getAttribute(\"src\")),n=new URL(t.value),c.test(n.protocol))&&n.host===r.host&&l.activeElement===s&&(d.top.location.href=t.value))}},d.addEventListener(\"message\",d.wp.receiveEmbedMessage,!1),l.addEventListener(\"DOMContentLoaded\",function(){for(var e,t,s=l.querySelectorAll(\"iframe.wp-embedded-content\"),r=0;r<s.length;r++)(t=(e=s[r]).getAttribute(\"data-secret\"))||(t=Math.random().toString(36).substring(2,12),e.src+=\"#?secret=\"+t,e.setAttribute(\"data-secret\",t)),e.contentWindow.postMessage({message:\"ready\",secret:t},\"*\")},!1)))}(window,document);\n<\/script>\n","description":"Helj\u00e4 Aniaspsykolo\u00adgi ja vaa\u00adti\u00advan eri\u00adty\u00adis\u00adta\u00adson psykoter\u00adapeut\u00adti.anias.vastaanotto@gmail.com Leena-Maria Blin\u00adnikkavalt.lis., psykolo\u00adgi LP, yksil\u00f6\u2011, per\u00adhe- ja ryh\u00adm\u00e4p\u00adsykoter\u00adapeut\u00adti VET, eri\u00adty\u00adis\u00adp\u00e4tevyys lap\u00adsi- ja nuorisop\u00adsykoter\u00adapi\u00adas\u00adsa. lmblinnikka@gmail.com Anna Col\u00adlan\u00adderpsykolo\u00adgi, psyko\u00adana\u00adlyytikko. anna.collander@elisanet.fi Hen\u00adrik Enck\u00adellLT, koulu\u00adtusp\u00adsyko\u00adana\u00adlyytikko. henrik.enckell@kolumbus.fi Ella Honka\u00adnenpsykolo\u00adgi, psyko\u00adana\u00adlyytikko. elaine.honkanen@gmail.com Har\u00adri Hyyp\u00adp\u00e4met\u00ads\u00e4ti\u00adlalli\u00adnen, etni\u00adnen koulu\u00adtu\u00ads\u00adana\u00adlyytikko ja filosofinen prak\u00adtikko.www.od1.fi Sami Kivikkokan\u00adgaserikoisp\u00adsykolo\u00adgi (PsL), koulut\u00adta\u00adjap\u00adsykoter\u00adapeut\u00adti ja tohtorik\u00adoulutet\u00adta\u00adva. sami.kivikkokangas@gmail.com Esko Klemel\u00e4TM, koulu\u00adtusp\u00adsyko\u00adana\u00adlyytikko (Ther\u00ada\u00adpeia-s\u00e4\u00e4ti\u00f6), koulu\u00adtus\u00adryh\u00adm\u00e4p\u00adsyko\u00adana\u00adlyytikko (Srpt). esko.klemela@inter-psyko.fi Ant\u00adto Luh\u00adtavaarapsykolo\u00adgi...","thumbnail_url":"https:\/\/www.psykoterapia-lehti.fi\/verkkolehti\/wp-content\/uploads\/2017\/08\/cropped-header-2.png","thumbnail_width":889,"thumbnail_height":367}

Heljä Aniaspsykolo­gi ja vaa­ti­van eri­ty­is­ta­son psykoter­apeut­ti.anias.vastaanotto@gmail.com Leena-Maria Blin­nikkavalt.lis., psykolo­gi LP, yksilö‑, per­he- ja ryh­mäp­sykoter­apeut­ti VET, eri­ty­is­pätevyys lap­si- ja nuorisop­sykoter­api­as­sa. lmblinnikka@gmail.com Anna Col­lan­derpsykolo­gi, psyko­ana­lyytikko. anna.collander@elisanet.fi Hen­rik Enck­ellLT, koulu­tusp­syko­ana­lyytikko. henrik.enckell@kolumbus.fi Ella Honka­nenpsykolo­gi, psyko­ana­lyytikko. elaine.honkanen@gmail.com Har­ri Hyyp­pämet­säti­lalli­nen, etni­nen koulu­tu­s­ana­lyytikko ja filosofinen prak­tikko.www.od1.fi Sami Kivikkokan­gaserikoisp­sykolo­gi (PsL), koulut­ta­jap­sykoter­apeut­ti ja tohtorik­oulutet­ta­va. sami.kivikkokangas@gmail.com Esko KlemeläTM, koulu­tusp­syko­ana­lyytikko (Ther­a­peia-säätiö), koulu­tus­ryh­mäp­syko­ana­lyytikko (Srpt). esko.klemela@inter-psyko.fi Ant­to Luh­tavaarapsykolo­gi...
