{"version":"1.0","provider_name":"Psykoterapia-lehti","provider_url":"https:\/\/www.psykoterapia-lehti.fi\/verkkolehti","title":"Kirjoittajat - Psykoterapia-lehti","type":"rich","width":600,"height":338,"html":"<blockquote class=\"wp-embedded-content\" data-secret=\"wJ0UJwDdk8\"><a href=\"https:\/\/www.psykoterapia-lehti.fi\/verkkolehti\/lehdet-2021\/psykoterapia-1-2021\/kirjoittajat\/\">Kirjoittajat<\/a><\/blockquote><iframe sandbox=\"allow-scripts\" security=\"restricted\" src=\"https:\/\/www.psykoterapia-lehti.fi\/verkkolehti\/lehdet-2021\/psykoterapia-1-2021\/kirjoittajat\/embed\/#?secret=wJ0UJwDdk8\" width=\"600\" height=\"338\" title=\"&#8221;Kirjoittajat&#8221; &#8212; Psykoterapia-lehti\" data-secret=\"wJ0UJwDdk8\" frameborder=\"0\" marginwidth=\"0\" marginheight=\"0\" scrolling=\"no\" class=\"wp-embedded-content\"><\/iframe><script>\n\/*! This file is auto-generated *\/\n!function(d,l){\"use strict\";l.querySelector&&d.addEventListener&&\"undefined\"!=typeof URL&&(d.wp=d.wp||{},d.wp.receiveEmbedMessage||(d.wp.receiveEmbedMessage=function(e){var t=e.data;if((t||t.secret||t.message||t.value)&&!\/[^a-zA-Z0-9]\/.test(t.secret)){for(var s,r,n,a=l.querySelectorAll('iframe[data-secret=\"'+t.secret+'\"]'),o=l.querySelectorAll('blockquote[data-secret=\"'+t.secret+'\"]'),c=new RegExp(\"^https?:$\",\"i\"),i=0;i<o.length;i++)o[i].style.display=\"none\";for(i=0;i<a.length;i++)s=a[i],e.source===s.contentWindow&&(s.removeAttribute(\"style\"),\"height\"===t.message?(1e3<(r=parseInt(t.value,10))?r=1e3:~~r<200&&(r=200),s.height=r):\"link\"===t.message&&(r=new URL(s.getAttribute(\"src\")),n=new URL(t.value),c.test(n.protocol))&&n.host===r.host&&l.activeElement===s&&(d.top.location.href=t.value))}},d.addEventListener(\"message\",d.wp.receiveEmbedMessage,!1),l.addEventListener(\"DOMContentLoaded\",function(){for(var e,t,s=l.querySelectorAll(\"iframe.wp-embedded-content\"),r=0;r<s.length;r++)(t=(e=s[r]).getAttribute(\"data-secret\"))||(t=Math.random().toString(36).substring(2,12),e.src+=\"#?secret=\"+t,e.setAttribute(\"data-secret\",t)),e.contentWindow.postMessage({message:\"ready\",secret:t},\"*\")},!1)))}(window,document);\n<\/script>\n","description":"Juk\u00adka Aal\u00adto\u00adnen, LKT, pro\u00adfes\u00adsori emer\u00adi\u00adtus. jukka.aaltonen@jyu.fi Leena Granlund, koulut\u00adta\u00adjap\u00adsykoter\u00adapeut\u00adti. leena.granlund@saunalahti.fi Esko Klemel\u00e4, TM, koulu\u00adtusp\u00adsyko\u00adana\u00adlyytikko (Ther\u00ada\u00adpeia-s\u00e4\u00e4ti\u00f6), koulu\u00adtus\u00adryh\u00adm\u00e4p\u00adsyko\u00adana\u00adlyytikko (Srpt). esko.klemela@inter-psyko.fi Anna Lep\u00adist\u00f6, psykolo\u00adgi, koulut\u00adta\u00adjap\u00adsykoter\u00adapeut\u00adti. lepistoan@gmail.com Tuire Liukko\u00adnen, nuorisop\u00adsykoter\u00adapeut\u00adti, toim\u00adintat\u00ader\u00adapeut\u00adti (Ttm), koulut\u00adta\u00adjap\u00adsykoter\u00adapeut\u00adti. tuire.liukkonen@tuikku.com Ant\u00adto Luh\u00adtavaara, psykolo\u00adgi (PsM), sosi\u00adolo\u00adgi (VTM), koulut\u00adta\u00adjap\u00adsykoter\u00adapeut\u00adti. antto.luhtavaara@gmail.com Mir\u00adja Malm\u00adberg, PsT, koulu\u00adtusp\u00adsyko\u00adana\u00adlyytikko (IFPS). mirja.malmberg@pp1.inet.fi Arto Pylv\u00e4s, psykolo\u00adgi, psykoter\u00adapeut\u00adti. arto.pylvas@gmail.com Emma Riekko, psykolo\u00adgi, psykoter\u00adapeut\u00adti. emma.sofia.riekko@gmail.com Tuo\u00admo...","thumbnail_url":"https:\/\/www.psykoterapia-lehti.fi\/verkkolehti\/wp-content\/uploads\/2017\/08\/cropped-header-2.png","thumbnail_width":889,"thumbnail_height":367}

Juk­ka Aal­to­nen, LKT, pro­fes­sori emer­i­tus. jukka.aaltonen@jyu.fi Leena Granlund, koulut­ta­jap­sykoter­apeut­ti. leena.granlund@saunalahti.fi Esko Klemelä, TM, koulu­tusp­syko­ana­lyytikko (Ther­a­peia-säätiö), koulu­tus­ryh­mäp­syko­ana­lyytikko (Srpt). esko.klemela@inter-psyko.fi Anna Lep­istö, psykolo­gi, koulut­ta­jap­sykoter­apeut­ti. lepistoan@gmail.com Tuire Liukko­nen, nuorisop­sykoter­apeut­ti, toim­intat­er­apeut­ti (Ttm), koulut­ta­jap­sykoter­apeut­ti. tuire.liukkonen@tuikku.com Ant­to Luh­tavaara, psykolo­gi (PsM), sosi­olo­gi (VTM), koulut­ta­jap­sykoter­apeut­ti. antto.luhtavaara@gmail.com Mir­ja Malm­berg, PsT, koulu­tusp­syko­ana­lyytikko (IFPS). mirja.malmberg@pp1.inet.fi Arto Pylväs, psykolo­gi, psykoter­apeut­ti. arto.pylvas@gmail.com Emma Riekko, psykolo­gi, psykoter­apeut­ti. emma.sofia.riekko@gmail.com Tuo­mo...
